 divided by 114?
90
What is the remainder when 33925 is divided by 12277?
9371
What is the remainder when 537139131 is divided by 3006?
3003
Calculate the remainder when 322207 is divided by 322098.
109
Calculate the remainder when 18109103 is divided by 220.
23
What is the remainder when 55793 is divided by 485?
18
Calculate the remainder when 4961731 is divided by 26.
21
Calculate the remainder when 137692 is divided by 192.
28
Calculate the remainder when 514652 is divided by 24507.
5
What is the remainder when 139812 is divided by 672?
36
Calculate the remainder when 53628 is divided by 2396.
916
Calculate the remainder when 462582 is divided by 121.
120
Calculate the remainder when 2487874 is divided by 1243650.
574
What is the remainder when 314359386 is divided by 71?
70
What is the remainder when 12840761 is divided by 34242?
11
What is the remainder when 2140375 is divided by 330?
325
What is the remainder when 1430009 is divided by 2955?
2744
Calculate the remainder when 185607 is divided by 1595.
587
What is the remainder when 244615 is divided by 3207?
883
Calculate the remainder when 2599110 is divided by 561.
558
What is the remainder when 650761 is divided by 216082?
2515
What is the remainder when 267863 is divided by 1212?
11
What is the remainder when 159795 is divided by 202?
13
Calculate the remainder when 5260774 is divided by 876787.
52
What is the remainder when 3973541 is divided by 128?
37
Calculate the remainder when 35642899 is divided by 50.
49
What is the remainder when 85013 is divided by 2977?
1657
What is the remainder when 3308 is divided by 412?
12
What is the remainder when 9592285 is divided by 54?
49
Calculate the remainder when 60900 is divided by 447.
108
Calculate the remainder when 5578310 is divided by 34.
32
What is the remainder when 146832825 is divided by 5428?
5425
What is the remainder when 20668261 is divided by 42?
19
Calculate the remainder when 170297 is divided by 337.
112
Calculate the remainder when 4624380 is divided by 220196.
264
What is the remainder when 84542815 is divided by 115?
105
What is the remainder when 64934290 is divided by 3513?
3511
What is the remainder when 14091820 is divided by 9?
7
What is the remainder when 687943 is divided by 2054?
1907
What is the remainder when 241052 is divided by 8476?
3724
Calculate the remainder when 822826 is divided by 9042.
4
What is the remainder when 1514258 is divided by 5?
3
What is the remainder when 170629 is divided by 1483?
84
What is the remainder when 92978263 is divided by 71?
0
Calculate the remainder when 37104142 is divided by 168.
166
Calculate the remainder when 5476997 is divided by 1825664.
5
Calculate the remainder when 2241323 is divided by 14942.
23
Calculate the remainder when 1593704 is divided by 85.
39
What is the remainder when 21623 is divided by 6017?
3572
What is the remainder when 2921290 is divided by 100727?
207
What is the remainder when 2979715 is divided by 562?
553
What is the remainder when 84368 is divided by 1006?
870
What is the remainder when 482786466 is divided by 92?
90
What is the remainder when 55825 is divided by 3475?
225
What is the remainder when 1012486 is divided by 337480?
46
What is the remainder when 2738602 is divided by 273860?
2
What is the remainder when 203971 is divided by 1109?
1024
Calculate the remainder when 7144720 is divided by 12.
4
Calculate the remainder when 17413747 is divided by 44.
43
Calculate the remainder when 106749367 is divided by 31.
30
Calculate the remainder when 226707 is divided by 75362.
621
What is the remainder when 57665604 is divided by 1145?
1114
What is the remainder when 36279878 is divided by 18139914?
50
Calculate the remainder when 1078965 is divided by 1601.
1492
What is the remainder when 11548 is divided by 3587?
787
What is the remainder when 158569 is divided by 4802?
103
Calculate the remainder when 18482994 is divided by 14.
12
Calculate the remainder when 19350244 is divided by 4250.
4244
Calculate the remainder when 13569609 is divided by 1043811.
66
Calculate the remainder when 134922 is divided by 1108.
854
What is the remainder when 69859596 is divided by 142?
140
What is the remainder when 1472758 is divided by 114?
106
What is the remainder when 49342 is divided by 579?
127
Calculate the remainder when 5814221 is divided by 41.
11
Calculate the remainder when 64030694 is divided by 18.
14
Calculate the remainder when 243035 is divided by 60565.
775
Calculate the remainder when 3142606 is divided by 642.
16
What is the remainder when 92020726 is divided by 18?
10
Calculate the remainder when 1646061 is divided by 15241.
33
Calculate the remainder when 3611329 is divided by 239.
39
What is the remainder when 355201 is divided by 118268?
397
Calculate the remainder when 223969470 is divided by 117.
114
What is the remainder when 205415 is divided by 3875?
40
Calculate the remainder when 13076059 is divided by 178.
1
What is the remainder when 4929267 is divided by 1538?
1515
What is the remainder when 968957 is divided by 831?
11
What is the remainder when 46888580 is divided by 1883?
1880
Calculate the remainder when 3296135 is divided by 875.
10
What is the remainder when 241519 is divided by 9453?
5194
Calculate the remainder when 97400 is divided by 3041.
88
What is the remainder when 6796658 is divided by 5755?
3
What is the remainder when 730865 is divided by 34783?
422
What is the remainder when 2361176255 is divided by 124?
123
What is the remainder when 8565056 is divided by 2141263?
4
Calculate the remainder when 31349715 is divided by 137.
5
What is the remainder when 2726008 is divided by 30?
28
Calculate the remainder when 685799 is divided by 48984.
23
Calculate the remainder when 377922 is divided by 79.
65
What is the remainder when 314357 is divided by 3112?
45
Calculate the remainder when 525560 is divided by 51.
5
What is the remainder when 6713 is divided by 175?
63
What is the remainder when 713741 is divided by 248?
245
What is the remainder when 1662349 is divided by 43?
12
Calculate the remainder when 10268087 is divided by 39.
11
Calculate the remainder when 11336 is divided by 2778.
224
Calculate the remainder when 29354 is divided by 68.
46
What is the remainder when 133711 is divided by 976?
975
What is the remainder when 17238812 is divided by 36?
32
What is the remainder when 7530584 is divided by 46?
16
What is the remainder when 99897 is divided by 6664?
6601
What is the remainder when 80082 is divided by 942?
12
Calculate the remainder when 26859269 is divided by 44.
41
Calculate the remainder when 1871003 is divided by 2556.
11
Calculate the remainder when 7968 is divided by 1868.
496
Calculate the remainder when 544813 is divided by 249.
1
What is the remainder when 161749 is divided by 832?
341
What is the remainder when 570080 is divided by 3115?
35
What is the remainder when 35393010 is divided by 2363?
2359
What is the remainder when 6797841 is divided by 162?
159
Calculate the remainder when 138646 is divided by 423.
325
Calculate the remainder when 129224 is divided by 248.
16
Calculate the remainder when 4287488 is divided by 142916.
8
Calculate the remainder when 3319954 is divided by 89.
76
What is the remainder when 2573672 is divided by 141?
140
Calculate the remainder when 9824 is divided by 217.
59
What is the remainder when 354883 is divided by 50656?
291
Calculate the remainder when 59002 is divided by 4908.
106
What is the remainder when 12307555 is divided by 1440?
1315
What is the remainder when 579232 is divided by 1916?
600
What is the remainder when 81211 is divided by 6730?
451
What is the remainder when 2484304 is divided by 2872?
24
What is the remainder when 108637 is divided by 1278?
7
What is the remainder when 256203146 is divided by 85401046?
8
Calculate the remainder when 3625499 is divided by 453185.
19
Calculate the remainder when 370867 is divided by 667.
15
What is the remainder when 164139 is divided by 663?
378
What is the remainder when 942175 is divided by 47?
13
Calculate the remainder when 165660 is divided by 11832.
12
What is the remainder when 5249505 is divided by 250?
5
What is the remainder when 2529090 is divided by 268?
242
What is the remainder w